{"id":409,"date":"2020-06-10T13:29:50","date_gmt":"2020-06-10T18:29:50","guid":{"rendered":"https:\/\/adrian-aroko.net\/?page_id=409"},"modified":"2026-04-12T22:44:52","modified_gmt":"2026-04-13T04:44:52","slug":"cv","status":"publish","type":"page","link":"https:\/\/adrian-aroko.net\/?page_id=409","title":{"rendered":"CV"},"content":{"rendered":"\n<p class=\"has-text-color\" style=\"color:#ffffff;font-size:5px\"><br><br><\/p>\n\n\n\n<p class=\"has-white-color has-text-color\"><strong>Exposiciones colectivas<\/strong> (selecci\u00f3n)<\/p>\n\n\n\n<p class=\"has-white-color has-text-color\">2026 &#8211; Sal\u00f3n Acme No.13, Ciudad de M\u00e9xico.<\/p>\n\n\n\n<p class=\"has-white-color has-text-color\">2025 &#8211; Murmuro\/Po\u00e9ticas del subsuelo. Centro de Cultura Digital, Ciudad de M\u00e9xico.<\/p>\n\n\n\n<p class=\"has-white-color has-text-color\">2025 &#8211; Muestra J\u00f3venes Creadores. Complejo Cultural Los Pinos, Ciudad de M\u00e9xico.<\/p>\n\n\n\n<p class=\"has-white-color has-text-color\">2024 &#8211; Remal. MMAG Foundation, Jordania, Amman.<\/p>\n\n\n\n<p class=\"has-white-color has-text-color\">2024 &#8211; Momentum 3.0. Centro Nacional de las Artes, Ciudad de M\u00e9xico.<\/p>\n\n\n\n<p class=\"has-white-color has-text-color\">2022 &#8211; Muestra del Programa de Apoyo a la Producci\u00f3n e Investigaci\u00f3n en Arte, Medios y Discapacidad. Centro Nacional de las Artes, Ciudad de M\u00e9xico.<\/p>\n\n\n\n<p class=\"has-white-color has-text-color\">2022 &#8211; Naco Projects. B\u00e9lgica, Bruselas.<\/p>\n\n\n\n<p class=\"has-white-color has-text-color\">2021 \u2013 Festival de arte sonoro Tsonami. Chile, Valpara\u00edso.<\/p>\n\n\n\n<p class=\"has-white-color has-text-color\">2021 \u2013 Macrosal\u00f3n. Monterrey, Nuevo Le\u00f3n. M\u00e9xico.<\/p>\n\n\n\n<p class=\"has-white-color has-text-color\">2020 \u2013 Encuentro Arte Comprometido Vol I., La Nana, Laboratorio Urbano de Arte Comprometido. Exposici\u00f3n digital. Ciudad de M\u00e9xico.<\/p>\n\n\n\n<p class=\"has-text-color\" style=\"color:#fefefe\">2018 \u2013 S\u00e9ptima Bienal Internacional de Arte Visual Universitario, Museo Universitario Leopoldo Flores. Toluca, Estado de M\u00e9xico.<\/p>\n\n\n\n<p class=\"has-text-color\" style=\"color:#ffffff\">2018 \u2013 Transitio_Mx 7, Centro Multimedia del Centro Nacional de las Artes. Ciudad de M\u00e9xico.<\/p>\n\n\n\n<p class=\"has-text-color\" style=\"color:#fefefe\">2017 &#8211; &#8220;Registro=imagen=memoria=sonido=registro&#8221; Colaboraci\u00f3n con Enrique Maraver, curadur\u00eda de Rolando Hern\u00e1ndez. Museo de Arte Contempor\u00e1neo Oaxaca.<\/p>\n\n\n\n<p class=\"has-text-color\" style=\"color:#fcfcfc\">2016 \u2013 Vida cotidiana en Fresnillo, Cuartoscuro + Fundaci\u00f3n Pedro Valtierra. Serie de exposiciones en Zacatecas.<\/p>\n\n\n\n<p class=\"has-text-color\" style=\"color:#fcfcfc\">2015 \u2013 Mirada Alterna, Laboratorio Arte Alameda. Ciudad de M\u00e9xico.<\/p>\n\n\n\n<p class=\"has-text-color\" style=\"color:#ffffff;font-size:5px\">____<\/p>\n\n\n\n<p class=\"has-text-color\" style=\"color:#ffffff\"><strong>Exposiciones individuales<\/strong><\/p>\n\n\n\n<p class=\"has-text-color\" style=\"color:#fefefe\">2020 \u2013 Indefensi\u00f3n Aprendida + Enfardo, Programa &#8220;Arte abierto, arte para todos&#8221;, Museo Universitario Leopoldo Flores. Toluca, Estado de M\u00e9xico.<\/p>\n\n\n\n<p class=\"has-text-color\" style=\"color:#fefefe\">2020 \u2013 Membrana Modular, Centro de Innovaci\u00f3n en Cultura y Casa de la Mora. Toluca, Estado de M\u00e9xico.<\/p>\n\n\n\n<p class=\"has-text-color\" style=\"color:#ffffff;font-size:5px\">____<\/p>\n\n\n\n<p class=\"has-white-color has-text-color\"><strong>Premios y distinciones<\/strong><\/p>\n\n\n\n<p class=\"has-white-color has-text-color\">2023 \u2013 J\u00f3venes Creadores. Sistema de Apoyos a la Creaci\u00f3n y Proyectos Culturales. M\u00e9xico.<\/p>\n\n\n\n<p class=\"has-white-color has-text-color\">2021 &#8211; Prince Claus Fund <em>Seed Awards<\/em>. Pa\u00edses Bajos.<\/p>\n\n\n\n<p class=\"has-white-color has-text-color\">2021 &#8211; Programa de Apoyo a la Producci\u00f3n e Investigaci\u00f3n en Arte, Medios y Discapacidad. Centro Multimedia. Ciudad de M\u00e9xico.<\/p>\n\n\n\n<p class=\"has-white-color has-text-color\">2020 &#8211; Seleccionado al premio Powsolo <em>Best Sound Art<\/em>, Curadur\u00eda por Ryuichi Sakamoto y SOLO. Pa\u00edses Bajos\/Espa\u00f1a.<\/p>\n\n\n\n<p class=\"has-white-color has-text-color\">2020 &#8211; Contigo en la distancia. Secretar\u00eda de Cultura. M\u00e9xico.<\/p>\n\n\n\n<p class=\"has-text-color\" style=\"color:#fefefe\">2018-2019 Beca de producci\u00f3n en el programa Arte, Ciencia y Tecnolog\u00edas del Fondo Nacional para la Cultura y las Artes y la Universidad Nacional Aut\u00f3noma de M\u00e9xico.<\/p>\n\n\n\n<p class=\"has-text-color\" style=\"color:#fbfbfb\">2018 \u2013 Premio de adquisici\u00f3n de obra en la s\u00e9ptima Bienal Internacional de Arte Visual Universitario de la Universidad Aut\u00f3noma del Estado de M\u00e9xico.<\/p>\n\n\n\n<p class=\"has-text-color\" style=\"color:#ffffff\">2017 \u2013 Primer lugar en la categor\u00eda Artistas J\u00f3venes Mexicanos de Transitio_MX.<\/p>\n\n\n\n<p class=\"has-text-color\" style=\"color:#ffffff\">2016 \u2013 Reconocimiento del Instituto Municipal Fresnillense para la Cultura Manuel M. Ponce.<\/p>\n\n\n\n<p class=\"has-text-color\" style=\"color:#ffffff;font-size:5px\">____<\/p>\n\n\n\n<p class=\"has-text-color\" style=\"color:#ffffff\"><strong>Publicaciones<\/strong><\/p>\n\n\n\n<p class=\"has-text-color\" style=\"color:#fefefe\">2020 \u2013 Ciudad Creada, La Astilla en el Ojo. Publicaci\u00f3n impresa. Pereira, Colombia.<\/p>\n\n\n\n<p class=\"has-text-color\" style=\"color:#ffffff;font-size:5px\">____<\/p>\n\n\n\n<p class=\"has-text-color\" style=\"color:#ffffff\"><strong>Residencias<\/strong><\/p>\n\n\n\n<p class=\"has-text-color\" style=\"color:#ffffff\">2024 &#8211; Remal Lab por Studio 8. Wadi Rum, Jordania.<\/p>\n\n\n\n<p>2017 &#8211; Umbral ISO &#8211; Oaxaca, M\u00e9xico.<\/p>\n\n\n\n<p class=\"has-text-color\" style=\"color:#ffffff;font-size:5px\">____<\/p>\n\n\n\n<p class=\"has-text-color\" style=\"color:#ffffff\"><strong>Estudios<\/strong><\/p>\n\n\n\n<p class=\"has-text-color\" style=\"color:#ffffff\">2016 &#8211; Diplomado en Arte Sonoro, Centro Cultural Border. Ciudad de M\u00e9xico.<\/p>\n\n\n\n<p class=\"has-text-color\" style=\"color:#ffffff\">2015 &#8211; La inmediatez de la Experiencia, Escuela Nacional de Pintura, Escultura y Grabado (ENPEG).<\/p>\n\n\n\n<p class=\"has-text-color\" style=\"color:#fefefe\">2014-2016 Constancias en: M\u00fasica electromagn\u00e9tica, catalizador de intervenciones urbanas y perform\u00e1ticas, imagen en movimiento.<\/p>\n\n\n\n<p class=\"has-text-color\" style=\"color:#ffffff\">2010-2014 Ciencias de la Comunicaci\u00f3n, Ciudad de M\u00e9xico.<\/p>\n\n\n\n<p class=\"has-text-color\" style=\"color:#800c0c\"><strong><a href=\"https:\/\/adrian-aroko.net\/?page_id=8\"><span style=\"color:#800c0c\" class=\"has-inline-color\">Atr\u00e1s<\/span><\/a><\/strong><\/p>\n","protected":false},"excerpt":{"rendered":"<p>Exposiciones colectivas (selecci\u00f3n) 2026 &#8211; Sal\u00f3n Acme No.13, Ciudad de M\u00e9xico. 2025 &#8211; Murmuro\/Po\u00e9ticas del subsuelo. Centro de Cultura Digital, Ciudad de M\u00e9xico. 2025 &#8211; Muestra J\u00f3venes Creadores. Complejo Cultural<\/p>\n","protected":false},"author":1,"featured_media":0,"parent":0,"menu_order":0,"comment_status":"closed","ping_status":"closed","template":"","meta":{"advgb_blocks_editor_width":"","advgb_blocks_columns_visual_guide":"","_vp_format_video_url":"","_vp_image_focal_point":[],"footnotes":""},"yoast_head":"<!-- This site is optimized with the Yoast SEO plugin v23.3 - https:\/\/yoast.com\/wordpress\/plugins\/seo\/ -->\n<title>CV - Adri\u00e1n Aroko<\/title>\n<meta name=\"robots\" content=\"index, follow, max-snippet:-1, max-image-preview:large, max-video-preview:-1\" \/>\n<link rel=\"canonical\" href=\"https:\/\/adrian-aroko.net\/?page_id=409\" \/>\n<meta property=\"og:locale\" content=\"es_MX\" \/>\n<meta property=\"og:type\" content=\"article\" \/>\n<meta property=\"og:title\" content=\"CV - Adri\u00e1n Aroko\" \/>\n<meta property=\"og:description\" content=\"Exposiciones colectivas (selecci\u00f3n) 2026 &#8211; Sal\u00f3n Acme No.13, Ciudad de M\u00e9xico. 2025 &#8211; Murmuro\/Po\u00e9ticas del subsuelo. Centro de Cultura Digital, Ciudad de M\u00e9xico. 2025 &#8211; Muestra J\u00f3venes Creadores. Complejo Cultural\" \/>\n<meta property=\"og:url\" content=\"https:\/\/adrian-aroko.net\/?page_id=409\" \/>\n<meta property=\"og:site_name\" content=\"Adri\u00e1n Aroko\" \/>\n<meta property=\"article:modified_time\" content=\"2026-04-13T04:44:52+00:00\" \/>\n<meta name=\"twitter:card\" content=\"summary_large_image\" \/>\n<meta name=\"twitter:label1\" content=\"Tiempo de lectura\" \/>\n\t<meta name=\"twitter:data1\" content=\"2 minutos\" \/>\n<script type=\"application\/ld+json\" class=\"yoast-schema-graph\">{\"@context\":\"https:\/\/schema.org\",\"@graph\":[{\"@type\":\"WebPage\",\"@id\":\"https:\/\/adrian-aroko.net\/?page_id=409\",\"url\":\"https:\/\/adrian-aroko.net\/?page_id=409\",\"name\":\"CV - Adri\u00e1n Aroko\",\"isPartOf\":{\"@id\":\"https:\/\/adrian-aroko.net\/#website\"},\"datePublished\":\"2020-06-10T18:29:50+00:00\",\"dateModified\":\"2026-04-13T04:44:52+00:00\",\"breadcrumb\":{\"@id\":\"https:\/\/adrian-aroko.net\/?page_id=409#breadcrumb\"},\"inLanguage\":\"es\",\"potentialAction\":[{\"@type\":\"ReadAction\",\"target\":[\"https:\/\/adrian-aroko.net\/?page_id=409\"]}]},{\"@type\":\"BreadcrumbList\",\"@id\":\"https:\/\/adrian-aroko.net\/?page_id=409#breadcrumb\",\"itemListElement\":[{\"@type\":\"ListItem\",\"position\":1,\"name\":\"Inicio\",\"item\":\"https:\/\/adrian-aroko.net\/\"},{\"@type\":\"ListItem\",\"position\":2,\"name\":\"CV\"}]},{\"@type\":\"WebSite\",\"@id\":\"https:\/\/adrian-aroko.net\/#website\",\"url\":\"https:\/\/adrian-aroko.net\/\",\"name\":\"Adri\u00e1n Aroko\",\"description\":\"\",\"publisher\":{\"@id\":\"https:\/\/adrian-aroko.net\/#\/schema\/person\/4f412c6c1eb887d94c80ea1584b3b3e3\"},\"potentialAction\":[{\"@type\":\"SearchAction\",\"target\":{\"@type\":\"EntryPoint\",\"urlTemplate\":\"https:\/\/adrian-aroko.net\/?s={search_term_string}\"},\"query-input\":\"required name=search_term_string\"}],\"inLanguage\":\"es\"},{\"@type\":[\"Person\",\"Organization\"],\"@id\":\"https:\/\/adrian-aroko.net\/#\/schema\/person\/4f412c6c1eb887d94c80ea1584b3b3e3\",\"name\":\"acuevasitu@gmail.com\",\"logo\":{\"@id\":\"https:\/\/adrian-aroko.net\/#\/schema\/person\/image\/\"},\"sameAs\":[\"http:\/\/adrian-aroko.net\"]}]}<\/script>\n<!-- \/ Yoast SEO plugin. -->","yoast_head_json":{"title":"CV - Adri\u00e1n Aroko","robots":{"index":"index","follow":"follow","max-snippet":"max-snippet:-1","max-image-preview":"max-image-preview:large","max-video-preview":"max-video-preview:-1"},"canonical":"https:\/\/adrian-aroko.net\/?page_id=409","og_locale":"es_MX","og_type":"article","og_title":"CV - Adri\u00e1n Aroko","og_description":"Exposiciones colectivas (selecci\u00f3n) 2026 &#8211; Sal\u00f3n Acme No.13, Ciudad de M\u00e9xico. 2025 &#8211; Murmuro\/Po\u00e9ticas del subsuelo. Centro de Cultura Digital, Ciudad de M\u00e9xico. 2025 &#8211; Muestra J\u00f3venes Creadores. Complejo Cultural","og_url":"https:\/\/adrian-aroko.net\/?page_id=409","og_site_name":"Adri\u00e1n Aroko","article_modified_time":"2026-04-13T04:44:52+00:00","twitter_card":"summary_large_image","twitter_misc":{"Tiempo de lectura":"2 minutos"},"schema":{"@context":"https:\/\/schema.org","@graph":[{"@type":"WebPage","@id":"https:\/\/adrian-aroko.net\/?page_id=409","url":"https:\/\/adrian-aroko.net\/?page_id=409","name":"CV - Adri\u00e1n Aroko","isPartOf":{"@id":"https:\/\/adrian-aroko.net\/#website"},"datePublished":"2020-06-10T18:29:50+00:00","dateModified":"2026-04-13T04:44:52+00:00","breadcrumb":{"@id":"https:\/\/adrian-aroko.net\/?page_id=409#breadcrumb"},"inLanguage":"es","potentialAction":[{"@type":"ReadAction","target":["https:\/\/adrian-aroko.net\/?page_id=409"]}]},{"@type":"BreadcrumbList","@id":"https:\/\/adrian-aroko.net\/?page_id=409#breadcrumb","itemListElement":[{"@type":"ListItem","position":1,"name":"Inicio","item":"https:\/\/adrian-aroko.net\/"},{"@type":"ListItem","position":2,"name":"CV"}]},{"@type":"WebSite","@id":"https:\/\/adrian-aroko.net\/#website","url":"https:\/\/adrian-aroko.net\/","name":"Adri\u00e1n Aroko","description":"","publisher":{"@id":"https:\/\/adrian-aroko.net\/#\/schema\/person\/4f412c6c1eb887d94c80ea1584b3b3e3"},"potentialAction":[{"@type":"SearchAction","target":{"@type":"EntryPoint","urlTemplate":"https:\/\/adrian-aroko.net\/?s={search_term_string}"},"query-input":"required name=search_term_string"}],"inLanguage":"es"},{"@type":["Person","Organization"],"@id":"https:\/\/adrian-aroko.net\/#\/schema\/person\/4f412c6c1eb887d94c80ea1584b3b3e3","name":"acuevasitu@gmail.com","logo":{"@id":"https:\/\/adrian-aroko.net\/#\/schema\/person\/image\/"},"sameAs":["http:\/\/adrian-aroko.net"]}]}},"coauthors":[],"author_meta":{"author_link":"https:\/\/adrian-aroko.net\/?author=1","display_name":"acuevasitu@gmail.com"},"relative_dates":{"created":"Publicado 6 a\u00f1os hace","modified":"Actualizado 2 semanas hace"},"absolute_dates":{"created":"Publicado el junio 10, 2020","modified":"Actualizado el abril 12, 2026"},"absolute_dates_time":{"created":"Publicado el junio 10, 2020 1:29 pm","modified":"Actualizado el abril 12, 2026 10:44 pm"},"featured_img_caption":"","featured_img":false,"series_order":"","_links":{"self":[{"href":"https:\/\/adrian-aroko.net\/index.php?rest_route=\/wp\/v2\/pages\/409"}],"collection":[{"href":"https:\/\/adrian-aroko.net\/index.php?rest_route=\/wp\/v2\/pages"}],"about":[{"href":"https:\/\/adrian-aroko.net\/index.php?rest_route=\/wp\/v2\/types\/page"}],"author":[{"embeddable":true,"href":"https:\/\/adrian-aroko.net\/index.php?rest_route=\/wp\/v2\/users\/1"}],"replies":[{"embeddable":true,"href":"https:\/\/adrian-aroko.net\/index.php?rest_route=%2Fwp%2Fv2%2Fcomments&post=409"}],"version-history":[{"count":58,"href":"https:\/\/adrian-aroko.net\/index.php?rest_route=\/wp\/v2\/pages\/409\/revisions"}],"predecessor-version":[{"id":1764,"href":"https:\/\/adrian-aroko.net\/index.php?rest_route=\/wp\/v2\/pages\/409\/revisions\/1764"}],"wp:attachment":[{"href":"https:\/\/adrian-aroko.net\/index.php?rest_route=%2Fwp%2Fv2%2Fmedia&parent=409"}],"curies":[{"name":"wp","href":"https:\/\/api.w.org\/{rel}","templated":true}]}}